{"id":109,"date":"2017-06-08T03:54:35","date_gmt":"2017-06-08T03:54:35","guid":{"rendered":"http:\/\/dev.joomexp.com\/wordpress\/wp-goodride\/?page_id=109"},"modified":"2024-01-05T14:16:22","modified_gmt":"2024-01-05T14:16:22","slug":"home","status":"publish","type":"page","link":"https:\/\/ringtaxi.al\/","title":{"rendered":"Home"},"content":{"rendered":"<p>[vc_row full_width=&#8221;stretch_row_content_no_spaces&#8221; css=&#8221;.vc_custom_1499305000535{border-bottom-width: 10px !important;border-bottom-color: #f2f2f2 !important;border-bottom-style: solid !important;}&#8221;][vc_column css=&#8221;.vc_custom_1703672894558{padding-top: 0px !important;}&#8221;][gr_booking_slider form=&#8221;265&#8243; images=&#8221;581,573,575&#8243; slide_speed=&#8221;1200&#8243; pagination_speed=&#8221;1200&#8243; rewind_speed=&#8221;1200&#8243; el_class=&#8221;anchor&#8221;][\/vc_column][\/vc_row][vc_section][vc_row][vc_column][vc_empty_space height=&#8221;121px&#8221;][gr_heading align=&#8221;center&#8221; topweight=&#8221;normal&#8221; topcolor=&#8221;accent&#8221; topnoupper=&#8221;&#8221; botstyle=&#8221;h1&#8243; toptext=&#8221;OUR&#8221; bottext=&#8221;SERVICES&#8221; css=&#8221;.vc_custom_1704462494747{margin-bottom: 28px !important;}&#8221;][\/vc_column][\/vc_row][vc_row][vc_column offset=&#8221;vc_col-lg-offset-2 vc_col-lg-8 vc_col-md-offset-1 vc_col-md-10&#8243;][vc_column_text]<\/p>\n<p style=\"text-align: center;\">Ready for a stress-free ride?<\/p>\n<p style=\"text-align: center;\">Our top-notch taxi service is designed to make every journey memorable. With a fleet of modern vehicles and professional drivers, we prioritize your comfort and safety. Experience excellence with every ride!<\/p>\n<p>[\/vc_column_text][vc_empty_space height=&#8221;18px&#8221;][\/vc_column][\/vc_row][vc_row][vc_column][gr_decoration_boxc decotype=&#8221;line&#8221;][gr_progress_box add_icon=&#8221;symbol&#8221; i_icon_fontawesome=&#8221;fa fa-building&#8221; scheme=&#8221;light&#8221; title=&#8221;City Rides&#8221; css=&#8221;.vc_custom_1704462917122{background: #0047ab url(http:\/\/stevlocal.com\/wordpress\/goodride\/wp-content\/uploads\/2017\/06\/011.jpg?id=16) !important;background-position: center !important;background-repeat: no-repeat !important;background-size: cover !important;}&#8221;][gr_progress_box add_icon=&#8221;symbol&#8221; i_icon_fontawesome=&#8221;fa fa-plane&#8221; scheme=&#8221;light&#8221; title=&#8221;Airport Transfers&#8221; css=&#8221;.vc_custom_1704463104239{background: #0047ab url(http:\/\/stevlocal.com\/wordpress\/goodride\/wp-content\/uploads\/2017\/06\/009.jpg?id=14) !important;background-position: center !important;background-repeat: no-repeat !important;background-size: cover !important;}&#8221;][gr_progress_box add_icon=&#8221;symbol&#8221; i_icon_fontawesome=&#8221;fa fa-briefcase&#8221; scheme=&#8221;light&#8221; title=&#8221;Corporate Travel Solutions&#8221; css=&#8221;.vc_custom_1704462938422{background: #0047ab url(http:\/\/stevlocal.com\/wordpress\/goodride\/wp-content\/uploads\/2017\/06\/007.jpg?id=12) !important;background-position: center !important;background-repeat: no-repeat !important;background-size: cover !important;}&#8221;][\/gr_decoration_boxc][\/vc_column][\/vc_row][vc_row][vc_column][vc_empty_space height=&#8221;112px&#8221;][\/vc_column][\/vc_row][\/vc_section][vc_section full_width=&#8221;stretch_row&#8221; overlay=&#8221;true&#8221; css=&#8221;.vc_custom_1704462229120{padding-top: 160px !important;padding-bottom: 102px !important;background: #0047ab url(http:\/\/stevlocal.com\/wordpress\/goodride\/wp-content\/uploads\/2017\/06\/001.jpg?id=6) !important;background-position: center !important;background-repeat: no-repeat !important;background-size: cover !important;}&#8221;][vc_row][vc_column][gr_decoration_boxc scheme=&#8221;light&#8221; decotype=&#8221;crossline&#8221;][gr_countup i_icon_fontawesome=&#8221;fa fa-user&#8221; end=&#8221;20&#8243; decimals=&#8221;&#8221; duration=&#8221;4&#8243; scheme=&#8221;light&#8221; add_icon=&#8221;true&#8221; title=&#8221;Exceptional Drivers&#8221;][gr_countup i_icon_fontawesome=&#8221;fa fa-bolt&#8221; start=&#8221;&#8221; end=&#8221;100&#8243; decimals=&#8221;&#8221; use_grouping=&#8221;yes&#8221; duration=&#8221;4&#8243; scheme=&#8221;light&#8221; add_icon=&#8221;true&#8221; title=&#8221;Electric Fleet&#8221; suffix=&#8221;%&#8221;][gr_countup i_icon_fontawesome=&#8221;fa fa-credit-card-alt&#8221; end=&#8221;2&#8243; decimals=&#8221;&#8221; use_grouping=&#8221;yes&#8221; duration=&#8221;4&#8243; scheme=&#8221;light&#8221; add_icon=&#8221;true&#8221; title=&#8221;Payment methods&#8221;][\/gr_decoration_boxc][\/vc_column][\/vc_row][\/vc_section][vc_section full_width=&#8221;stretch_row&#8221;][vc_row][vc_column][vc_empty_space height=&#8221;121px&#8221;][gr_heading align=&#8221;center&#8221; topweight=&#8221;normal&#8221; topcolor=&#8221;accent&#8221; topnoupper=&#8221;&#8221; botstyle=&#8221;h1&#8243; toptext=&#8221;Our Main&#8221; bottext=&#8221;Benefits&#8221; css=&#8221;.vc_custom_1498444012246{margin-bottom: 35px !important;}&#8221;][\/vc_column][\/vc_row][vc_row gap=&#8221;20&#8243; equal_height=&#8221;yes&#8221; content_placement=&#8221;middle&#8221;][vc_column offset=&#8221;vc_col-md-4&#8243;][gr_fancy_box align=&#8221;right&#8221; add_icon=&#8221;symbol&#8221; i_type=&#8221;etline&#8221; i_icon_etline=&#8221;etl etl-ribbon&#8221; icon_color=&#8221;accent&#8221; title=&#8221;Fixed Price&#8221; desc=&#8221;Fixed fare set in every taximeter as the main tariff&#8221;][gr_fancy_box align=&#8221;right&#8221; add_icon=&#8221;symbol&#8221; i_type=&#8221;etline&#8221; i_icon_etline=&#8221;etl etl-layers&#8221; icon_color=&#8221;accent&#8221; title=&#8221;No Fee &amp; Tips&#8221; desc=&#8221;We guarantee fixed price and you should not pay tips&#8221;][gr_fancy_box align=&#8221;right&#8221; add_icon=&#8221;symbol&#8221; i_type=&#8221;etline&#8221; i_icon_etline=&#8221;etl etl-trophy&#8221; icon_color=&#8221;accent&#8221; title=&#8221;Luxury cars&#8221;][\/vc_column][vc_column offset=&#8221;vc_col-md-4&#8243;][vc_single_image image=&#8221;586&#8243; img_size=&#8221;full&#8221; alignment=&#8221;center&#8221;][\/vc_column][vc_column offset=&#8221;vc_col-md-4&#8243;][gr_fancy_box add_icon=&#8221;symbol&#8221; i_type=&#8221;etline&#8221; i_icon_etline=&#8221;etl etl-happy&#8221; icon_color=&#8221;accent&#8221; title=&#8221;Full Satisfaction&#8221; desc=&#8221;Have lots of standing customers and high ratings&#8221;][gr_fancy_box add_icon=&#8221;symbol&#8221; i_type=&#8221;etline&#8221; i_icon_etline=&#8221;etl etl-map&#8221; icon_color=&#8221;accent&#8221; title=&#8221;Nationwide Ride&#8221; desc=&#8221;Our application is the easiest way to book a taxi&#8221;][gr_fancy_box add_icon=&#8221;symbol&#8221; i_type=&#8221;etline&#8221; i_icon_etline=&#8221;etl etl-paintbrush&#8221; icon_color=&#8221;accent&#8221; title=&#8221;No-smoking &amp; clean&#8221; desc=&#8221;Stet clita kasd gubergren, no sea takimata sanctus est&#8221;][\/vc_column][\/vc_row][\/vc_section][vc_row][vc_column][vc_empty_space height=&#8221;89px&#8221;][\/vc_column][\/vc_row][vc_section full_width=&#8221;stretch_row&#8221; css=&#8221;.vc_custom_1497672400338{padding-top: 0px !important;background-image: url(http:\/\/stevlocal.com\/wordpress\/goodride\/wp-content\/uploads\/2017\/06\/section-bg-002.png?id=368) !important;background-position: 0 0 !important;background-repeat: no-repeat !important;}&#8221; el_class=&#8221;advert-section&#8221;][vc_row full_width=&#8221;stretch_row&#8221; gr_column_fill=&#8221;last&#8221; equal_height=&#8221;yes&#8221; content_placement=&#8221;bottom&#8221;][vc_column offset=&#8221;vc_col-lg-4&#8243;][vc_empty_space height=&#8221;156px&#8221;][gr_heading topweight=&#8221;normal&#8221; topcolor=&#8221;accent&#8221; topnoupper=&#8221;&#8221; botstyle=&#8221;h1&#8243; toptext=&#8221;Our&#8221; bottext=&#8221;TAXIS&#8221; css=&#8221;.vc_custom_1703682342843{margin-bottom: 20px !important;}&#8221;][vc_column_text]Ride in style with Ring Taxi. Your premier choice for comfort and speed. Your journey, our excellence. Book now and arrive in sophistication[\/vc_column_text][gr_fancy_box add_icon=&#8221;symbol&#8221; i_icon_fontawesome=&#8221;fa fa-car&#8221; icon_color=&#8221;accent&#8221; title=&#8221;Luxury Taxi Models&#8221; css=&#8221;.vc_custom_1703682532089{margin-bottom: 20px !important;}&#8221;][gr_fancy_box add_icon=&#8221;symbol&#8221; i_icon_fontawesome=&#8221;fa fa-money&#8221; icon_color=&#8221;accent&#8221; title=&#8221;Economic&#8221; css=&#8221;.vc_custom_1703682541704{margin-bottom: 20px !important;}&#8221;][gr_fancy_box add_icon=&#8221;symbol&#8221; i_icon_fontawesome=&#8221;fa fa-clock-o&#8221; icon_color=&#8221;accent&#8221; title=&#8221;Efficient&#8221;][gr_button title=&#8221;BOOK TAXI&#8221; link=&#8221;url:http%3A%2F%2F%3Ca%20href%3D%22%23booking-section%22%3EBook%20Now!%3C%2Fa%3E|||&#8221;][vc_empty_space height=&#8221;140px&#8221;][\/vc_column][vc_column offset=&#8221;vc_col-lg-8&#8243;][vc_single_image image=&#8221;593&#8243; img_size=&#8221;full&#8221; alignment=&#8221;center&#8221; css=&#8221;.vc_custom_1703683012177{margin-bottom: 0px !important;}&#8221; el_class=&#8221;custom-ad-img&#8221;][\/vc_column][\/vc_row][\/vc_section][vc_row full_width=&#8221;stretch_row&#8221; gr_column_fill=&#8221;last&#8221; equal_height=&#8221;yes&#8221; content_placement=&#8221;bottom&#8221;][vc_column offset=&#8221;vc_col-md-6&#8243;][vc_empty_space height=&#8221;126px&#8221;][vc_single_image image=&#8221;530&#8243; img_size=&#8221;medium&#8221; css=&#8221;.vc_custom_1696508810760{margin-bottom: 21px !important;}&#8221;][vc_column_text]Our sole purpose is to please our customers by giving them a lifetime experience with our taxi services. Everything with us is top notch, from the cars to the service itself. No matter if you\u2019re a customer or an employee we\u2019ll be there for you and your needs. We\u2019ll do our best to provide You premium service![\/vc_column_text][vc_empty_space height=&#8221;20px&#8221;][gr_widget_images columns=&#8221;5&#8243; link_hover_type=&#8221;grayscale&#8221; hide_title=&#8221;true&#8221; target=&#8221;true&#8221; space=&#8221;30&#8243; links=&#8221;#<br \/>\n#<br \/>\n#<br \/>\n#<br \/>\n#&#8221;][vc_empty_space height=&#8221;96px&#8221;][\/vc_column][vc_column offset=&#8221;vc_col-md-6&#8243;][vc_single_image image=&#8221;575&#8243; img_size=&#8221;full&#8221; css=&#8221;.vc_custom_1704444386827{margin-bottom: 0px !important;}&#8221;][\/vc_column][\/vc_row]<\/p>\n","protected":false},"excerpt":{"rendered":"<p>[vc_row full_width=&#8221;stretch_row_content_no_spaces&#8221; css=&#8221;.vc_custom_1499305000535{border-bottom-width: 10px !important;border-bottom-color: #f2f2f2 !important;border-bottom-style: solid !important;}&#8221;][vc_column css=&#8221;.vc_custom_1703672894558{padding-top: 0px !important;}&#8221;][gr_booking_slider form=&#8221;265&#8243; images=&#8221;581,573,575&#8243; slide_speed=&#8221;1200&#8243; pagination_speed=&#8221;1200&#8243; rewind_speed=&#8221;1200&#8243; el_class=&#8221;anchor&#8221;][\/vc_column][\/vc_row][vc_section][vc_row][vc_column][vc_empty_space height=&#8221;121px&#8221;][gr_heading align=&#8221;center&#8221; topweight=&#8221;normal&#8221; topcolor=&#8221;accent&#8221; topnoupper=&#8221;&#8221; botstyle=&#8221;h1&#8243; toptext=&#8221;OUR&#8221; bottext=&#8221;SERVICES&#8221; css=&#8221;.vc_custom_1704462494747{margin-bottom: 28px !important;}&#8221;][\/vc_column][\/vc_row][vc_row][vc_column offset=&#8221;vc_col-lg-offset-2 vc_col-lg-8 vc_col-md-offset-1 vc_col-md-10&#8243;][vc_column_text] Ready for a stress-free ride? Our top-notch taxi service is designed to make every journey memorable. With a fleet of modern vehicles [&hellip;]<\/p>\n","protected":false},"author":4,"featured_media":0,"parent":0,"menu_order":0,"comment_status":"closed","ping_status":"closed","template":"","meta":{"footnotes":"","_joinchat":[]},"yoast_head":"<!-- This site is optimized with the Yoast SEO plugin v21.7 - https:\/\/yoast.com\/wordpress\/plugins\/seo\/ -->\n<title>Home &#8212; Ring Taxi<\/title>\n<meta name=\"robots\" content=\"index, follow, max-snippet:-1, max-image-preview:large, max-video-preview:-1\" \/>\n<link rel=\"canonical\" href=\"https:\/\/ringtaxi.al\/\" \/>\n<meta property=\"og:locale\" content=\"en_US\" \/>\n<meta property=\"og:type\" content=\"article\" \/>\n<meta property=\"og:title\" content=\"Home &#8212; Ring Taxi\" \/>\n<meta property=\"og:description\" content=\"[vc_row full_width=&#8221;stretch_row_content_no_spaces&#8221; css=&#8221;.vc_custom_1499305000535{border-bottom-width: 10px !important;border-bottom-color: #f2f2f2 !important;border-bottom-style: solid !important;}&#8221;][vc_column css=&#8221;.vc_custom_1703672894558{padding-top: 0px !important;}&#8221;][gr_booking_slider form=&#8221;265&#8243; images=&#8221;581,573,575&#8243; slide_speed=&#8221;1200&#8243; pagination_speed=&#8221;1200&#8243; rewind_speed=&#8221;1200&#8243; el_class=&#8221;anchor&#8221;][\/vc_column][\/vc_row][vc_section][vc_row][vc_column][vc_empty_space height=&#8221;121px&#8221;][gr_heading align=&#8221;center&#8221; topweight=&#8221;normal&#8221; topcolor=&#8221;accent&#8221; topnoupper=&#8221;&#8221; botstyle=&#8221;h1&#8243; toptext=&#8221;OUR&#8221; bottext=&#8221;SERVICES&#8221; css=&#8221;.vc_custom_1704462494747{margin-bottom: 28px !important;}&#8221;][\/vc_column][\/vc_row][vc_row][vc_column offset=&#8221;vc_col-lg-offset-2 vc_col-lg-8 vc_col-md-offset-1 vc_col-md-10&#8243;][vc_column_text] Ready for a stress-free ride? Our top-notch taxi service is designed to make every journey memorable. With a fleet of modern vehicles [&hellip;]\" \/>\n<meta property=\"og:url\" content=\"https:\/\/ringtaxi.al\/\" \/>\n<meta property=\"og:site_name\" content=\"Ring Taxi\" \/>\n<meta property=\"article:publisher\" content=\"https:\/\/www.facebook.com\/ringtaxialbania\" \/>\n<meta property=\"article:modified_time\" content=\"2024-01-05T14:16:22+00:00\" \/>\n<meta property=\"og:image\" content=\"https:\/\/ringtaxi.al\/wp-content\/uploads\/2023\/12\/herp_2.png\" \/>\n\t<meta property=\"og:image:width\" content=\"1600\" \/>\n\t<meta property=\"og:image:height\" content=\"900\" \/>\n\t<meta property=\"og:image:type\" content=\"image\/png\" \/>\n<meta name=\"twitter:card\" content=\"summary_large_image\" \/>\n<meta name=\"twitter:label1\" content=\"Est. reading time\" \/>\n\t<meta name=\"twitter:data1\" content=\"5 minutes\" \/>\n<script type=\"application\/ld+json\" class=\"yoast-schema-graph\">{\"@context\":\"https:\/\/schema.org\",\"@graph\":[{\"@type\":\"WebPage\",\"@id\":\"https:\/\/ringtaxi.al\/\",\"url\":\"https:\/\/ringtaxi.al\/\",\"name\":\"Home &#8212; Ring Taxi\",\"isPartOf\":{\"@id\":\"https:\/\/ringtaxi.al\/#website\"},\"datePublished\":\"2017-06-08T03:54:35+00:00\",\"dateModified\":\"2024-01-05T14:16:22+00:00\",\"breadcrumb\":{\"@id\":\"https:\/\/ringtaxi.al\/#breadcrumb\"},\"inLanguage\":\"en-US\",\"potentialAction\":[{\"@type\":\"ReadAction\",\"target\":[\"https:\/\/ringtaxi.al\/\"]}]},{\"@type\":\"BreadcrumbList\",\"@id\":\"https:\/\/ringtaxi.al\/#breadcrumb\",\"itemListElement\":[{\"@type\":\"ListItem\",\"position\":1,\"name\":\"Home\",\"item\":\"https:\/\/ringtaxi.al\/\"},{\"@type\":\"ListItem\",\"position\":2,\"name\":\"Home\"}]},{\"@type\":\"WebSite\",\"@id\":\"https:\/\/ringtaxi.al\/#website\",\"url\":\"https:\/\/ringtaxi.al\/\",\"name\":\"Ring Taxi\",\"description\":\"Udh\u00ebto sigurt\u00eb &amp; Lir\u00eb\",\"publisher\":{\"@id\":\"https:\/\/ringtaxi.al\/#organization\"},\"alternateName\":\"Ring Taxi Tirane\",\"potentialAction\":[{\"@type\":\"SearchAction\",\"target\":{\"@type\":\"EntryPoint\",\"urlTemplate\":\"https:\/\/ringtaxi.al\/?s={search_term_string}\"},\"query-input\":\"required name=search_term_string\"}],\"inLanguage\":\"en-US\"},{\"@type\":\"Organization\",\"@id\":\"https:\/\/ringtaxi.al\/#organization\",\"name\":\"Ring Taxi\",\"alternateName\":\"Ring Taxi Tirane\",\"url\":\"https:\/\/ringtaxi.al\/\",\"logo\":{\"@type\":\"ImageObject\",\"inLanguage\":\"en-US\",\"@id\":\"https:\/\/ringtaxi.al\/#\/schema\/logo\/image\/\",\"url\":\"https:\/\/ringtaxi.al\/wp-content\/uploads\/2024\/01\/ringtaxi_varianti-perdorimit-3_png.png\",\"contentUrl\":\"https:\/\/ringtaxi.al\/wp-content\/uploads\/2024\/01\/ringtaxi_varianti-perdorimit-3_png.png\",\"width\":4444,\"height\":2500,\"caption\":\"Ring Taxi\"},\"image\":{\"@id\":\"https:\/\/ringtaxi.al\/#\/schema\/logo\/image\/\"},\"sameAs\":[\"https:\/\/www.facebook.com\/ringtaxialbania\",\"https:\/\/www.instagram.com\/ringtaxialbania\/\"]}]}<\/script>\n<!-- \/ Yoast SEO plugin. -->","yoast_head_json":{"title":"Home &#8212; Ring Taxi","robots":{"index":"index","follow":"follow","max-snippet":"max-snippet:-1","max-image-preview":"max-image-preview:large","max-video-preview":"max-video-preview:-1"},"canonical":"https:\/\/ringtaxi.al\/","og_locale":"en_US","og_type":"article","og_title":"Home &#8212; Ring Taxi","og_description":"[vc_row full_width=&#8221;stretch_row_content_no_spaces&#8221; css=&#8221;.vc_custom_1499305000535{border-bottom-width: 10px !important;border-bottom-color: #f2f2f2 !important;border-bottom-style: solid !important;}&#8221;][vc_column css=&#8221;.vc_custom_1703672894558{padding-top: 0px !important;}&#8221;][gr_booking_slider form=&#8221;265&#8243; images=&#8221;581,573,575&#8243; slide_speed=&#8221;1200&#8243; pagination_speed=&#8221;1200&#8243; rewind_speed=&#8221;1200&#8243; el_class=&#8221;anchor&#8221;][\/vc_column][\/vc_row][vc_section][vc_row][vc_column][vc_empty_space height=&#8221;121px&#8221;][gr_heading align=&#8221;center&#8221; topweight=&#8221;normal&#8221; topcolor=&#8221;accent&#8221; topnoupper=&#8221;&#8221; botstyle=&#8221;h1&#8243; toptext=&#8221;OUR&#8221; bottext=&#8221;SERVICES&#8221; css=&#8221;.vc_custom_1704462494747{margin-bottom: 28px !important;}&#8221;][\/vc_column][\/vc_row][vc_row][vc_column offset=&#8221;vc_col-lg-offset-2 vc_col-lg-8 vc_col-md-offset-1 vc_col-md-10&#8243;][vc_column_text] Ready for a stress-free ride? Our top-notch taxi service is designed to make every journey memorable. With a fleet of modern vehicles [&hellip;]","og_url":"https:\/\/ringtaxi.al\/","og_site_name":"Ring Taxi","article_publisher":"https:\/\/www.facebook.com\/ringtaxialbania","article_modified_time":"2024-01-05T14:16:22+00:00","og_image":[{"width":1600,"height":900,"url":"https:\/\/ringtaxi.al\/wp-content\/uploads\/2023\/12\/herp_2.png","type":"image\/png"}],"twitter_card":"summary_large_image","twitter_misc":{"Est. reading time":"5 minutes"},"schema":{"@context":"https:\/\/schema.org","@graph":[{"@type":"WebPage","@id":"https:\/\/ringtaxi.al\/","url":"https:\/\/ringtaxi.al\/","name":"Home &#8212; Ring Taxi","isPartOf":{"@id":"https:\/\/ringtaxi.al\/#website"},"datePublished":"2017-06-08T03:54:35+00:00","dateModified":"2024-01-05T14:16:22+00:00","breadcrumb":{"@id":"https:\/\/ringtaxi.al\/#breadcrumb"},"inLanguage":"en-US","potentialAction":[{"@type":"ReadAction","target":["https:\/\/ringtaxi.al\/"]}]},{"@type":"BreadcrumbList","@id":"https:\/\/ringtaxi.al\/#breadcrumb","itemListElement":[{"@type":"ListItem","position":1,"name":"Home","item":"https:\/\/ringtaxi.al\/"},{"@type":"ListItem","position":2,"name":"Home"}]},{"@type":"WebSite","@id":"https:\/\/ringtaxi.al\/#website","url":"https:\/\/ringtaxi.al\/","name":"Ring Taxi","description":"Udh\u00ebto sigurt\u00eb &amp; Lir\u00eb","publisher":{"@id":"https:\/\/ringtaxi.al\/#organization"},"alternateName":"Ring Taxi Tirane","potentialAction":[{"@type":"SearchAction","target":{"@type":"EntryPoint","urlTemplate":"https:\/\/ringtaxi.al\/?s={search_term_string}"},"query-input":"required name=search_term_string"}],"inLanguage":"en-US"},{"@type":"Organization","@id":"https:\/\/ringtaxi.al\/#organization","name":"Ring Taxi","alternateName":"Ring Taxi Tirane","url":"https:\/\/ringtaxi.al\/","logo":{"@type":"ImageObject","inLanguage":"en-US","@id":"https:\/\/ringtaxi.al\/#\/schema\/logo\/image\/","url":"https:\/\/ringtaxi.al\/wp-content\/uploads\/2024\/01\/ringtaxi_varianti-perdorimit-3_png.png","contentUrl":"https:\/\/ringtaxi.al\/wp-content\/uploads\/2024\/01\/ringtaxi_varianti-perdorimit-3_png.png","width":4444,"height":2500,"caption":"Ring Taxi"},"image":{"@id":"https:\/\/ringtaxi.al\/#\/schema\/logo\/image\/"},"sameAs":["https:\/\/www.facebook.com\/ringtaxialbania","https:\/\/www.instagram.com\/ringtaxialbania\/"]}]}},"_links":{"self":[{"href":"https:\/\/ringtaxi.al\/index.php?rest_route=\/wp\/v2\/pages\/109"}],"collection":[{"href":"https:\/\/ringtaxi.al\/index.php?rest_route=\/wp\/v2\/pages"}],"about":[{"href":"https:\/\/ringtaxi.al\/index.php?rest_route=\/wp\/v2\/types\/page"}],"author":[{"embeddable":true,"href":"https:\/\/ringtaxi.al\/index.php?rest_route=\/wp\/v2\/users\/4"}],"replies":[{"embeddable":true,"href":"https:\/\/ringtaxi.al\/index.php?rest_route=%2Fwp%2Fv2%2Fcomments&post=109"}],"version-history":[{"count":55,"href":"https:\/\/ringtaxi.al\/index.php?rest_route=\/wp\/v2\/pages\/109\/revisions"}],"predecessor-version":[{"id":652,"href":"https:\/\/ringtaxi.al\/index.php?rest_route=\/wp\/v2\/pages\/109\/revisions\/652"}],"wp:attachment":[{"href":"https:\/\/ringtaxi.al\/index.php?rest_route=%2Fwp%2Fv2%2Fmedia&parent=109"}],"curies":[{"name":"wp","href":"https:\/\/api.w.org\/{rel}","templated":true}]}}